9. Determine u(139).
100
Let h(u) = 83*u**3 + u**2 + 303*u + 302. Give h(-1).
-83
Let x(u) = -u**2 + 24041*u - 1916894. Give x(80).
-14
Let u(k) = 2*k**3 + 62*k**2 + 915*k + 23146. What is u(-29)?
-25
Let p(g) = 2*g**2 - 346*g + 13799. What is p(111)?
35
Let l(y) = 62869*y - 1257345. What is l(20)?
35
Let l(i) = 327*i + 9468. Give l(-29).
-15
Let d(s) = -12*s**2 + 1291*s + 1641. Give d(109).
-212
Let f(y) = -15*y**3 - 8*y**2 + 53*y - 173. Determine f(4).
-1049
Let y(b) = 6*b**3 + 3506*b**2 + 11623*b + 1752. Give y(-581).
9
Let y(h) = -2*h**3 + 171*h**2 + 530*h - 7775. Calculate y(88).
145
Let g(m) = m**3 + 6*m**2 - 39*m - 224. What is g(-5)?
-4
Let c(t) = 2*t**2 + 392*t - 41312. Calculate c(-272).
32
Let n(t) = 210*t**2 - 5465*t + 8. Give n(25).
-5367
Let v(j) = -37477*j - 149897. Determine v(-4).
11
Let v(u) = -17*u**3 - 239*u**2 - 55*u - 544. Give v(-14).
30
Let q(a) = 2498*a**2 + 10083*a - 3. Determine q(-4).
-367
Let i(b) = -3*b**2 + 6396*b + 77200. What is i(-12)?
16
Let r(p) = -31578*p + 252566. What is r(8)?
-58
Let x(i) = -i**2 + 1179*i - 19. Determine x(0).
-19
Let f(o) = 147*o + 4666. Calculate f(-36).
-626
Let r(n) = n**3 + 34*n**2 + 838*n + 4002. Calculate r(-6).
-18
Let f(i) = -2*i**3 + i**2 - 6798*i + 20363. Give f(3).
-76
Let t(l) = l**3 + l**2 - 24*l - 145. Determine t(0).
-145
Let w(s) = -2*s**3 - 235*s**2 - 5963*s - 228. Calculate w(-37).
-6
Let d(n) = 231424*n + 231264. Determine d(-1).
-160
Let w(g) = 7*g**3 - 58*g**2 - 228*g + 451. What is w(-4)?
-13
Let q(o) = 5665*o - 1008344. What is q(178)?
26
Let a(t) = 640*t**2 + 101768*t + 1292. What is a(-159)?
20
Let j(g) = -143*g + 7679. Calculate j(53).
100
Let l(b) = 220*b - 23415. What is l(107)?
125
Let v(x) = 3283*x + 4045. Give v(-2).
-2521
Let r(o) = 13*o**3 - 816*o**2 + 664*o - 2736. Determine r(62).
-8
Let k(b) = -14*b**2 + 458*b + 6675. What is k(-11)?
-57
Let s(m) = -m**3 - 228*m**2 + 5503*m + 799. What is s(-250)?
49
Let y(n) = n**3 - 54*n**2 + 98*n + 48. Calculate y(52).
-264
Let c(r) = 261*r - 19682. Calculate c(80).
1198
Let r(f) = -9823*f + 18916. Give r(2).
-730
Let g(f) = 132238*f + 1057900. Determine g(-8).
-4
Let s(z) = 2*z**2 - 84323*z - 421658. Calculate s(-5).
7
Let u(h) = 188456*h + 753828. Give u(-4).
4
Let v(z) = -577*z + 223303. Calculate v(387).
4
Let b(f) = -4*f**3 - 109*f**2 + 613*f + 17283. Determine b(-27).
3
Let g(j) = 3*j**3 + 14*j**2 - 87*j - 109. Calculate g(6).
521
Let w(i) = 13*i**2 + 373*i - 2211. Give w(5).
-21
Let m(a) = 138*a + 18364. Determine m(-134).
-128
Let x(t) = 1408*t - 43538. Give x(31).
110
Let g(y) = -118119*y - 472567. Determine g(-4).
-91
Let s(l) = -2*l**3 - 243*l**2 + 12956*l + 1548169. Calculate s(-123).
-32
Let v(o) = 20562*o + 123344. What is v(-6)?
-28
Let m(s) = -s**2 + 328*s + 66738. What is m(-142)?
-2
Let k(g) = -283*g - 8071. Give k(-29).
136
Let y(g) = -35*g**2 - 1735*g - 5199. What is y(-3)?
-309
Let c(z) = -z**2 - 2014*z + 200298. Calculate c(95).
-57
Let a(p) = 3*p**2 - 50*p + 385. What is a(26)?
1113
Let l(k) = -3251*k - 35840. Calculate l(-11).
-79
Let z(w) = 8*w**2 - 14770*w + 161497. Determine z(11).
-5
Let x(w) = 71*w**2 + 2573*w - 1883. Give x(-37).
115
Let j(x) = 43*x**2 - 7668*x + 2540. Give j(178).
48
Let l(k) = -3*k**2 - 782*k - 2503. What is l(-258)?
-439
Let w(t) = 2*t**3 - 39*t**2 - 251*t - 599. Give w(25).
1
Let j(w) = 13*w**2 + 7278*w - 239354. Give j(-591).
1
Let b(f) = -f**3 + 1079*f**2 + 1073*f + 7569. Give b(1080).
9
Let w(z) = -63098*z + 630981. Determine w(10).
1
Let t(m) = -3*m**3 - 83*m**2 - 437*m - 4157. Determine t(-24).
-5
Let i(o) = 12374*o + 19687. Calculate i(-2).
-5061
Let k(i) = -i**2 - 6*i + 1151. What is k(-34)?
199
Let m(g) = -1585*g + 540449. Determine m(341).
-36
Let i(j) = j**2 - 605. Determine i(-24).
-29
Let a(q) = -3*q**3 + 16*q**2 + 618*q - 3703. What is a(6)?
-67
Let v(i) = -113197*i - 226414. Determine v(-2).
-20
Let r(y) = 19*y**3 - 21*y**2 - 32*y - 9. Calculate r(-1).
-17
Let r(t) = -6*t**3 + 301*t**2 + 563*t + 254. Determine r(52).
-214
Let i(t) = -1964*t + 16318. Calculate i(9).
-1358
Let n(p) = -p**3 + 16*p**2 + 38309*p - 650965. Determine n(17).
-1
Let k(w) = w**2 + 215*w + 2630. What is k(-24)?
-1954
Let r(n) = -6*n**3 + 23*n**2 + 27*n - 35. What is r(8)?
-1419
Let o(a) = -578*a + 6036. Give o(13).
-1478
Let s(w) = -2*w**3 + 120*w**2 - 1189*w + 21. Determine s(11).
-1200
Let d(g) = -19*g**3 - 856*g**2 - 70*g + 172. What is d(-45)?
1297
Let q(h) = -3862*h**2 - 123581*h - 13. Determine q(-32).
-109
Let r(w) = -w**3 + 47*w**2 + 36*w + 380. Calculate r(48).
-196
Let l(m) = -m**3 + 7*m**2 - 7992*m - 32141. What is l(-4)?
3
Let l(y) = 35*y + 9484. What is l(-155)?
4059
Let g(h) = -93928*h - 1127130. What is g(-12)?
6
Let r(b) = -7*b**2 + 116*b - 678. Calculate r(21).
-1329
Let u(c) = -2*c**3 + 6*c**2 - 79*c + 684. Give u(6).
-6
Let n(w) = -32*w**2 + 15564*w + 31248. Determine n(-2).
-8
Let o(g) = -g**3 + 71*g**2 - 1929*g + 43953. Give o(50).
3
Let q(b) = -b**2 + 2193*b + 103024. Calculate q(-46).
30
Let h(u) = -87*u**3 - 174*u**2 + 234*u + 457. Calculate h(-2).
-11
Let b(n) = -n**3 + 34*n**2 + 243*n - 288. Calculate b(40).
-168
Let b(y) = 5*y**3 - y**2 + 28409*y - 56808. Determine b(2).
46
Let l(z) = 116*z**2 - 1322*z - 1409. Calculate l(-1).
29
Let b(s) = -1134*s + 6283. What is b(5)?
613
Let y(s) = 12017*s - 96153. Give y(8).
-17
Let s(j) = j**3 - 34*j**2 - 949*j - 138. Determine s(52).
-814
Let r(k) = 3*k**3 - 21*k**2 + 87*k - 192. What is r(10)?
1578
Let o(y) = -57544*y - 230172. Determine o(-4).
4
Let y(n) = 2*n**3 - 41*n**2 + 55*n - 2648. What is y(22)?
14
Let x(b) = b**2 - 989*b - 608. Determine x(0).
-608
Let j(x) = 25*x**3 - 791*x**2 + 702*x - 6389. What is j(31)?
-3
Let z(d) = -11*d**2 + 1122*d - 3316. Determine z(3).
-49
Let f(j) = 2*j**3 - 33*j**2 + 2019*j - 22928. Calculate f(12).
4
Let h(c) = 2*c**2 + 30444*c - 1864503. What is h(61)?
23
Let n(k) = -5358*k + 27197. Calculate n(5).
407
Let r(s) = s**2 - 1428713*s - 7143594. What is r(-5)?
-4
Let z(i) = -13299*i - 5585614. Calculate z(-420).
-34
Let r(y) = 1980*y + 635624. Give r(-321).
44
Let s(b) = 18243*b - 1660110. Calculate s(91).
3
Let c(w) = 2*w**3 + 45*w**2 + 156*w - 33. Determine c(-4).
-65
Let d(a) = 15*a**2 - 111*a + 1064. Calculate d(8).
1136
Let d(i) = 63*i**3 + 4*i**2 - 7*i + 6. Determine d(2).
512
Let v(q) = 2*q**3 - 1437*q**2 - 3531*q - 53510. Determine v(721).
-156
Let b(z) = 3*z**2 - 903*z + 15821. Calculate b(18).
539
Let g(n) = -42*n**2 + 168*n - 133. What is g(3)?
-7
Let i(n) = n**3 + 52*n**2 + 243*n - 136. What is i(-47)?
-512
Let a(m) = -m**3 - 8*m**2 - 55*m - 487. Determine a(-9).
89
Let d(n) = -5*n**2 - 2533*n - 15110. Determine d(-6).
-92
Let k(a) = -167*a**3 + 18231*a**2 - 3052*a. What is k(109)?
0
Let z(t) = -1043*t**2 - 23956*t + 699. Give z(-23).
-60
Let o(r) = r**3 - 524*r**2 - 2958*r - 117666. What is o(530)?
-6
Let g(h) = 3*h**3 - 150*h**2 - 44*h + 2021. Determine g(50).
-179
Let g(l) = -9968*l - 20271. What is g(-2)?
-335
Let r(w) = -59418*w - 356908. Give r(-6).
-400
Let f(q) = -4748*q + 631303. What is f(133)?
-181
Let p(c) = 3516215*c - 45710774. What is p(13)?
21
Let b(d) = -3*d**3 + 769*d**2 + 13655*d - 1375. Determine b(273).
-10
Let x(q) = -220*q - 2682. Calculate x(-17).
1058
Let j(u) = -22*u**3 + 40*u**2 + 74*u - 27. Determine j(3).
-39
Let l(g) = 156*g**2 - 823*g + 43. Give l(7).
1926
Let y(v) = -26*v**2 + 1667*v - 26691. Determine y(32).
29
Let f(m) = -5*m**2 - 76125*m + 76125. Determine f(1).
-5
Let n(b) = -9*b**3 - 751*b**2 - 321*b + 903. Calculate n(-83).
-10
Let z(n) = -n**3 + 151*n**2 - 295*n - 497. What is z(149)?
-50
Let z(j) = -998*j + 6779. Calculate z(7).
-207
Let v(g) = -44451*g - 268051. Determine v(-6).
-1345
Let f(v) = -52204*v + 208799. Give f(4).
-17
Let v(j) = -12*j**3 - 13*j**2 + 4*j + 39. Determine v(3).
-390
Let b(z) = z**3 + 407*z**2 - 479*z - 28963. Determine b(-408).
5
Let a(m) = -m**2 + 443*m + 19. Give a(0).
19
Let h(b) = -b**2 + 462*b + 5696. Calculate h(-12).
8
Let l(p) = p**3 - 608*p**2 - 567*p - 25590. Give l(609).
-12
Let u(p) = -209*p**3 - 42428*p**2 - 191*p + 2418. Give u(-203).
-18
Let h(n) = -3*n**3 - 3549*n**2 + 170*n + 201121. What is h(-1183)?
11
Let b(s) = 114*s**2 + 2166*s + 10265. Determine b(-9).
5
Let s(f) = -11942*